{"id":1731,"date":"2018-04-04T11:11:03","date_gmt":"2018-04-04T09:11:03","guid":{"rendered":"https:\/\/jetline.presb.pl\/ustawa-krajobrazowa\/10605\/"},"modified":"2018-04-04T11:11:03","modified_gmt":"2018-04-04T09:11:03","slug":"10605","status":"publish","type":"ustawa","link":"https:\/\/jetline.pl\/en\/ustawa-krajobrazowa\/10605\/","title":{"rendered":"Uchwa\u0142a krajobrazowa w Krakowie. Powt\u00f3rne wy\u0142o\u017cenie."},"content":{"rendered":"<p>[vc_row type=\"in_container\" full_screen_row_position=\"middle\" scene_position=\"center\" text_color=\"dark\" text_align=\"left\" overlay_strength=\"0.3\" shape_divider_position=\"bottom\"][vc_column column_padding=\"no-extra-padding\" column_padding_position=\"all\" background_color_opacity=\"1\" background_hover_color_opacity=\"1\" column_shadow=\"none\" column_border_radius=\"none\" width=\"1\/1\" tablet_text_alignment=\"default\" phone_text_alignment=\"default\" column_border_width=\"none\" column_border_style=\"solid\"][image_with_animation image_url=\"10606\" alignment=\"\" animation=\"Fade In\" border_radius=\"none\" box_shadow=\"none\" max_width=\"100%\"][divider line_type=\"No Line\" custom_height=\"40\"][vc_column_text]Wojewoda pomorski wycofa\u0142 si\u0119 z zarzut\u00f3w dotycz\u0105cych z\u0142amania procedur uchwalania kodeksu krajobrazowego dla Gda\u0144ska co spowodowa\u0142o, \u017ce uchwa\u0142a krajobrazowa dla tego miasta zosta\u0142a uniewa\u017cniona w cz\u0119\u015bci a nie w ca\u0142o\u015bci.<br \/>\nA tymczasem w Krakowie Prezydent miasta odpowiedzialny za przygotowanie uchwa\u0142y og\u0142osi\u0142 powt\u00f3rne wy\u0142o\u017cenie projektu Kodeksu Krajobrazowego, tym samym potwierdzaj\u0105c zdanie, z kt\u00f3rego w\u0142a\u015bnie wycofa\u0142 si\u0119 wojewoda pomorski.<br \/>\nNowy projekt zostanie pokazany 9 kwietnia 2018 r. Poprzedni projekt by\u0142 udost\u0119pniony do publicznego wgl\u0105du we wrze\u015bniu 2017 r. Na podstawie wykazu i sposobu rozpatrzenia uwag z\u0142o\u017conych do uchwa\u0142y i opublikowanych 15 grudnia 2017 r. nale\u017cy zak\u0142ada\u0107, \u017ce projekt b\u0119dzie mia\u0142 nast\u0119puj\u0105cy kszta\u0142t:<\/p>\n<ul>\n<li>podzia\u0142 miasta na\u00a05 stref<\/li>\n<li>reklama ustawiona zgodnie z\u00a0prawem i\u00a0reklama nielegalna s\u0105 traktowane tak samo<\/li>\n<li>najwi\u0119kszy dopuszczony w\u00a0mie\u015bcie format to\u00a032 m2<\/li>\n<li>ekrany LCD i\u00a0LED s\u0105 formami niedopuszczonymi poza no\u015bnikami miejskimi<\/li>\n<li>okres dostosowania wynosi 2 lata<\/li>\n<li>specjalne przywileje dla miasta<\/li>\n<\/ul>\n<p>[\/vc_column_text][divider line_type=\"No Line\" custom_height=\"40\"][\/vc_column][\/vc_row]<\/p>\n","protected":false},"author":16,"featured_media":1581,"template":"","ustawa_cat":[],"class_list":["post-1731","ustawa","type-ustawa","status-publish","has-post-thumbnail","hentry"],"acf":[],"yoast_head":"<!-- This site is optimized with the Yoast SEO plugin v27.5 - https:\/\/yoast.com\/product\/yoast-seo-wordpress\/ -->\n<title>Uchwa\u0142a krajobrazowa w Krakowie. Powt\u00f3rne wy\u0142o\u017cenie. - Jet Line<\/title>\n<meta name=\"description\" content=\"Uchwa\u0142a krajobrazowa zostaje ponownie wy\u0142o\u017cona przez Prezydenta Krakowa. Nowy projekt zostanie og\u0142oszony publicznie za kilka dni, 9 kwietnia 2018 r.\" \/>\n<meta name=\"robots\" content=\"index, follow, max-snippet:-1, max-image-preview:large, max-video-preview:-1\" \/>\n<link rel=\"canonical\" href=\"https:\/\/jetline.pl\/en\/ustawa-krajobrazowa\/10605\/\" \/>\n<meta property=\"og:locale\" content=\"en_US\" \/>\n<meta property=\"og:type\" content=\"article\" \/>\n<meta property=\"og:title\" content=\"Uchwa\u0142a krajobrazowa w Krakowie. Powt\u00f3rne wy\u0142o\u017cenie. - Jet Line\" \/>\n<meta property=\"og:description\" content=\"Uchwa\u0142a krajobrazowa zostaje ponownie wy\u0142o\u017cona przez Prezydenta Krakowa. Nowy projekt zostanie og\u0142oszony publicznie za kilka dni, 9 kwietnia 2018 r.\" \/>\n<meta property=\"og:url\" content=\"https:\/\/jetline.pl\/en\/ustawa-krajobrazowa\/10605\/\" \/>\n<meta property=\"og:site_name\" content=\"Jet Line\" \/>\n<meta property=\"og:image\" content=\"https:\/\/jetline.pl\/wp-content\/uploads\/2024\/09\/Kra1.png\" \/>\n\t<meta property=\"og:image:width\" content=\"391\" \/>\n\t<meta property=\"og:image:height\" content=\"213\" \/>\n\t<meta property=\"og:image:type\" content=\"image\/png\" \/>\n<meta name=\"twitter:card\" content=\"summary_large_image\" \/>\n<meta name=\"twitter:label1\" content=\"Est. reading time\" \/>\n\t<meta name=\"twitter:data1\" content=\"1 minute\" \/>\n<script type=\"application\/ld+json\" class=\"yoast-schema-graph\">{\"@context\":\"https:\\\/\\\/schema.org\",\"@graph\":[{\"@type\":\"WebPage\",\"@id\":\"https:\\\/\\\/jetline.pl\\\/en\\\/ustawa-krajobrazowa\\\/10605\\\/\",\"url\":\"https:\\\/\\\/jetline.pl\\\/en\\\/ustawa-krajobrazowa\\\/10605\\\/\",\"name\":\"Uchwa\u0142a krajobrazowa w Krakowie. Powt\u00f3rne wy\u0142o\u017cenie. - Jet Line\",\"isPartOf\":{\"@id\":\"https:\\\/\\\/jetline.pl\\\/en\\\/#website\"},\"primaryImageOfPage\":{\"@id\":\"https:\\\/\\\/jetline.pl\\\/en\\\/ustawa-krajobrazowa\\\/10605\\\/#primaryimage\"},\"image\":{\"@id\":\"https:\\\/\\\/jetline.pl\\\/en\\\/ustawa-krajobrazowa\\\/10605\\\/#primaryimage\"},\"thumbnailUrl\":\"https:\\\/\\\/jetline.pl\\\/wp-content\\\/uploads\\\/2024\\\/09\\\/Kra1.png\",\"datePublished\":\"2018-04-04T09:11:03+00:00\",\"description\":\"Uchwa\u0142a krajobrazowa zostaje ponownie wy\u0142o\u017cona przez Prezydenta Krakowa. Nowy projekt zostanie og\u0142oszony publicznie za kilka dni, 9 kwietnia 2018 r.\",\"breadcrumb\":{\"@id\":\"https:\\\/\\\/jetline.pl\\\/en\\\/ustawa-krajobrazowa\\\/10605\\\/#breadcrumb\"},\"inLanguage\":\"en-US\",\"potentialAction\":[{\"@type\":\"ReadAction\",\"target\":[\"https:\\\/\\\/jetline.pl\\\/en\\\/ustawa-krajobrazowa\\\/10605\\\/\"]}]},{\"@type\":\"ImageObject\",\"inLanguage\":\"en-US\",\"@id\":\"https:\\\/\\\/jetline.pl\\\/en\\\/ustawa-krajobrazowa\\\/10605\\\/#primaryimage\",\"url\":\"https:\\\/\\\/jetline.pl\\\/wp-content\\\/uploads\\\/2024\\\/09\\\/Kra1.png\",\"contentUrl\":\"https:\\\/\\\/jetline.pl\\\/wp-content\\\/uploads\\\/2024\\\/09\\\/Kra1.png\",\"width\":391,\"height\":213},{\"@type\":\"BreadcrumbList\",\"@id\":\"https:\\\/\\\/jetline.pl\\\/en\\\/ustawa-krajobrazowa\\\/10605\\\/#breadcrumb\",\"itemListElement\":[{\"@type\":\"ListItem\",\"position\":1,\"name\":\"Strona g\u0142\u00f3wna\",\"item\":\"https:\\\/\\\/jetline.pl\\\/en\\\/\"},{\"@type\":\"ListItem\",\"position\":2,\"name\":\"Ustawa krajobrazowa\",\"item\":\"https:\\\/\\\/jetline.pl\\\/en\\\/ustawa-krajobrazowa\\\/\"},{\"@type\":\"ListItem\",\"position\":3,\"name\":\"Uchwa\u0142a krajobrazowa w Krakowie. Powt\u00f3rne wy\u0142o\u017cenie.\"}]},{\"@type\":\"WebSite\",\"@id\":\"https:\\\/\\\/jetline.pl\\\/en\\\/#website\",\"url\":\"https:\\\/\\\/jetline.pl\\\/en\\\/\",\"name\":\"Jet Line\",\"description\":\"Tworzymy przestrze\u0144 do komunikacji\",\"publisher\":{\"@id\":\"https:\\\/\\\/jetline.pl\\\/en\\\/#organization\"},\"potentialAction\":[{\"@type\":\"SearchAction\",\"target\":{\"@type\":\"EntryPoint\",\"urlTemplate\":\"https:\\\/\\\/jetline.pl\\\/en\\\/?s={search_term_string}\"},\"query-input\":{\"@type\":\"PropertyValueSpecification\",\"valueRequired\":true,\"valueName\":\"search_term_string\"}}],\"inLanguage\":\"en-US\"},{\"@type\":\"Organization\",\"@id\":\"https:\\\/\\\/jetline.pl\\\/en\\\/#organization\",\"name\":\"Jet Line\",\"url\":\"https:\\\/\\\/jetline.pl\\\/en\\\/\",\"logo\":{\"@type\":\"ImageObject\",\"inLanguage\":\"en-US\",\"@id\":\"https:\\\/\\\/jetline.pl\\\/en\\\/#\\\/schema\\\/logo\\\/image\\\/\",\"url\":\"https:\\\/\\\/jetline.pl\\\/wp-content\\\/uploads\\\/2024\\\/09\\\/logo_poziom_logo_poziom_czerwone-1.png\",\"contentUrl\":\"https:\\\/\\\/jetline.pl\\\/wp-content\\\/uploads\\\/2024\\\/09\\\/logo_poziom_logo_poziom_czerwone-1.png\",\"width\":4946,\"height\":2016,\"caption\":\"Jet Line\"},\"image\":{\"@id\":\"https:\\\/\\\/jetline.pl\\\/en\\\/#\\\/schema\\\/logo\\\/image\\\/\"}}]}<\/script>\n<!-- \/ Yoast SEO plugin. -->","yoast_head_json":{"title":"Uchwa\u0142a krajobrazowa w Krakowie. Powt\u00f3rne wy\u0142o\u017cenie. - Jet Line","description":"Uchwa\u0142a krajobrazowa zostaje ponownie wy\u0142o\u017cona przez Prezydenta Krakowa. Nowy projekt zostanie og\u0142oszony publicznie za kilka dni, 9 kwietnia 2018 r.","robots":{"index":"index","follow":"follow","max-snippet":"max-snippet:-1","max-image-preview":"max-image-preview:large","max-video-preview":"max-video-preview:-1"},"canonical":"https:\/\/jetline.pl\/en\/ustawa-krajobrazowa\/10605\/","og_locale":"en_US","og_type":"article","og_title":"Uchwa\u0142a krajobrazowa w Krakowie. Powt\u00f3rne wy\u0142o\u017cenie. - Jet Line","og_description":"Uchwa\u0142a krajobrazowa zostaje ponownie wy\u0142o\u017cona przez Prezydenta Krakowa. Nowy projekt zostanie og\u0142oszony publicznie za kilka dni, 9 kwietnia 2018 r.","og_url":"https:\/\/jetline.pl\/en\/ustawa-krajobrazowa\/10605\/","og_site_name":"Jet Line","og_image":[{"width":391,"height":213,"url":"https:\/\/jetline.pl\/wp-content\/uploads\/2024\/09\/Kra1.png","type":"image\/png"}],"twitter_card":"summary_large_image","twitter_misc":{"Est. reading time":"1 minute"},"schema":{"@context":"https:\/\/schema.org","@graph":[{"@type":"WebPage","@id":"https:\/\/jetline.pl\/en\/ustawa-krajobrazowa\/10605\/","url":"https:\/\/jetline.pl\/en\/ustawa-krajobrazowa\/10605\/","name":"Uchwa\u0142a krajobrazowa w Krakowie. Powt\u00f3rne wy\u0142o\u017cenie. - Jet Line","isPartOf":{"@id":"https:\/\/jetline.pl\/en\/#website"},"primaryImageOfPage":{"@id":"https:\/\/jetline.pl\/en\/ustawa-krajobrazowa\/10605\/#primaryimage"},"image":{"@id":"https:\/\/jetline.pl\/en\/ustawa-krajobrazowa\/10605\/#primaryimage"},"thumbnailUrl":"https:\/\/jetline.pl\/wp-content\/uploads\/2024\/09\/Kra1.png","datePublished":"2018-04-04T09:11:03+00:00","description":"Uchwa\u0142a krajobrazowa zostaje ponownie wy\u0142o\u017cona przez Prezydenta Krakowa. Nowy projekt zostanie og\u0142oszony publicznie za kilka dni, 9 kwietnia 2018 r.","breadcrumb":{"@id":"https:\/\/jetline.pl\/en\/ustawa-krajobrazowa\/10605\/#breadcrumb"},"inLanguage":"en-US","potentialAction":[{"@type":"ReadAction","target":["https:\/\/jetline.pl\/en\/ustawa-krajobrazowa\/10605\/"]}]},{"@type":"ImageObject","inLanguage":"en-US","@id":"https:\/\/jetline.pl\/en\/ustawa-krajobrazowa\/10605\/#primaryimage","url":"https:\/\/jetline.pl\/wp-content\/uploads\/2024\/09\/Kra1.png","contentUrl":"https:\/\/jetline.pl\/wp-content\/uploads\/2024\/09\/Kra1.png","width":391,"height":213},{"@type":"BreadcrumbList","@id":"https:\/\/jetline.pl\/en\/ustawa-krajobrazowa\/10605\/#breadcrumb","itemListElement":[{"@type":"ListItem","position":1,"name":"Strona g\u0142\u00f3wna","item":"https:\/\/jetline.pl\/en\/"},{"@type":"ListItem","position":2,"name":"Ustawa krajobrazowa","item":"https:\/\/jetline.pl\/en\/ustawa-krajobrazowa\/"},{"@type":"ListItem","position":3,"name":"Uchwa\u0142a krajobrazowa w Krakowie. Powt\u00f3rne wy\u0142o\u017cenie."}]},{"@type":"WebSite","@id":"https:\/\/jetline.pl\/en\/#website","url":"https:\/\/jetline.pl\/en\/","name":"Jet Line","description":"Tworzymy przestrze\u0144 do komunikacji","publisher":{"@id":"https:\/\/jetline.pl\/en\/#organization"},"potentialAction":[{"@type":"SearchAction","target":{"@type":"EntryPoint","urlTemplate":"https:\/\/jetline.pl\/en\/?s={search_term_string}"},"query-input":{"@type":"PropertyValueSpecification","valueRequired":true,"valueName":"search_term_string"}}],"inLanguage":"en-US"},{"@type":"Organization","@id":"https:\/\/jetline.pl\/en\/#organization","name":"Jet Line","url":"https:\/\/jetline.pl\/en\/","logo":{"@type":"ImageObject","inLanguage":"en-US","@id":"https:\/\/jetline.pl\/en\/#\/schema\/logo\/image\/","url":"https:\/\/jetline.pl\/wp-content\/uploads\/2024\/09\/logo_poziom_logo_poziom_czerwone-1.png","contentUrl":"https:\/\/jetline.pl\/wp-content\/uploads\/2024\/09\/logo_poziom_logo_poziom_czerwone-1.png","width":4946,"height":2016,"caption":"Jet Line"},"image":{"@id":"https:\/\/jetline.pl\/en\/#\/schema\/logo\/image\/"}}]}},"_links":{"self":[{"href":"https:\/\/jetline.pl\/en\/wp-json\/wp\/v2\/ustawa\/1731","targetHints":{"allow":["GET"]}}],"collection":[{"href":"https:\/\/jetline.pl\/en\/wp-json\/wp\/v2\/ustawa"}],"about":[{"href":"https:\/\/jetline.pl\/en\/wp-json\/wp\/v2\/types\/ustawa"}],"author":[{"embeddable":true,"href":"https:\/\/jetline.pl\/en\/wp-json\/wp\/v2\/users\/16"}],"wp:featuredmedia":[{"embeddable":true,"href":"https:\/\/jetline.pl\/en\/wp-json\/wp\/v2\/media\/1581"}],"wp:attachment":[{"href":"https:\/\/jetline.pl\/en\/wp-json\/wp\/v2\/media?parent=1731"}],"wp:term":[{"taxonomy":"ustawa_cat","embeddable":true,"href":"https:\/\/jetline.pl\/en\/wp-json\/wp\/v2\/ustawa_cat?post=1731"}],"curies":[{"name":"wp","href":"https:\/\/api.w.org\/{rel}","templated":true}]}}

Uchwała krajobrazowa w Krakowie. Powtórne wyłożenie.

<p>[vc_row type="in_container" full_screen_row_position="middle" scene_position="center" text_color="dark" text_align="left" overlay_strength="0.3" shape_divider_position="bottom"][vc_column column_padding="no-extra-padding" column_padding_position="all" background_color_opacity="1" background_hover_color_opacity="1" column_shadow="none" column_border_radius="none" width="1/1" tablet_text_alignment="default" phone_text_alignment="default" column_border_width="none" column_border_style="solid"][image_with_animation image_url="10606" alignment="" animation="Fade In" border_radius="none" box_shadow="none" max_width="100%"][divider line_type="No Line" custom_height="40"][vc_column_text]Wojewoda pomorski wycofał się z zarzutów dotyczących złamania procedur uchwalania kodeksu krajobrazowego dla Gdańska co spowodowało, że uchwała krajobrazowa dla tego miasta została unieważniona w części a nie w całości.<br />
A tymczasem w Krakowie Prezydent miasta odpowiedzialny za przygotowanie uchwały ogłosił powtórne wyłożenie projektu Kodeksu Krajobrazowego, tym samym potwierdzając zdanie, z którego właśnie wycofał się wojewoda pomorski.<br />
Nowy projekt zostanie pokazany 9 kwietnia 2018 r. Poprzedni projekt był udostępniony do publicznego wglądu we wrześniu 2017 r. Na podstawie wykazu i sposobu rozpatrzenia uwag złożonych do uchwały i opublikowanych 15 grudnia 2017 r. należy zakładać, że projekt będzie miał następujący kształt:</p>
<ul>
<li>podział miasta na 5 stref</li>
<li>reklama ustawiona zgodnie z prawem i reklama nielegalna są traktowane tak samo</li>
<li>największy dopuszczony w mieście format to 32 m2</li>
<li>ekrany LCD i LED są formami niedopuszczonymi poza nośnikami miejskimi</li>
<li>okres dostosowania wynosi 2 lata</li>
<li>specjalne przywileje dla miasta</li>
</ul>
<p>[/vc_column_text][divider line_type="No Line" custom_height="40"][/vc_column][/vc_row]</p>

<!-- This site is optimized with the Yoast SEO plugin v27.5 - https://yoast.com/product/yoast-seo-wordpress/ -->
<title>Uchwała krajobrazowa w Krakowie. Powtórne wyłożenie. - Jet Line</title>
<meta name="description" content="Uchwała krajobrazowa zostaje ponownie wyłożona przez Prezydenta Krakowa. Nowy projekt zostanie ogłoszony publicznie za kilka dni, 9 kwietnia 2018 r." />
<meta name="robots" content="index, follow, max-snippet:-1, max-image-preview:large, max-video-preview:-1" />
<link rel="canonical" href="https://jetline.pl/en/ustawa-krajobrazowa/10605/" />
<meta property="og:locale" content="en_US" />
<meta property="og:type" content="article" />
<meta property="og:title" content="Uchwała krajobrazowa w Krakowie. Powtórne wyłożenie. - Jet Line" />
<meta property="og:description" content="Uchwała krajobrazowa zostaje ponownie wyłożona przez Prezydenta Krakowa. Nowy projekt zostanie ogłoszony publicznie za kilka dni, 9 kwietnia 2018 r." />
<meta property="og:url" content="https://jetline.pl/en/ustawa-krajobrazowa/10605/" />
<meta property="og:site_name" content="Jet Line" />
<meta property="og:image" content="https://jetline.pl/wp-content/uploads/2024/09/Kra1.png" />
	<meta property="og:image:width" content="391" />
	<meta property="og:image:height" content="213" />
	<meta property="og:image:type" content="image/png" />
<meta name="twitter:card" content="summary_large_image" />
<meta name="twitter:label1" content="Est. reading time" />
	<meta name="twitter:data1" content="1 minute" />
<script type="application/ld+json" class="yoast-schema-graph">{"@context":"https:\/\/schema.org","@graph":[{"@type":"WebPage","@id":"https:\/\/jetline.pl\/en\/ustawa-krajobrazowa\/10605\/","url":"https:\/\/jetline.pl\/en\/ustawa-krajobrazowa\/10605\/","name":"Uchwała krajobrazowa w Krakowie. Powtórne wyłożenie. - Jet Line","isPartOf":{"@id":"https:\/\/jetline.pl\/en\/#website"},"primaryImageOfPage":{"@id":"https:\/\/jetline.pl\/en\/ustawa-krajobrazowa\/10605\/#primaryimage"},"image":{"@id":"https:\/\/jetline.pl\/en\/ustawa-krajobrazowa\/10605\/#primaryimage"},"thumbnailUrl":"https:\/\/jetline.pl\/wp-content\/uploads\/2024\/09\/Kra1.png","datePublished":"2018-04-04T09:11:03+00:00","description":"Uchwała krajobrazowa zostaje ponownie wyłożona przez Prezydenta Krakowa. Nowy projekt zostanie ogłoszony publicznie za kilka dni, 9 kwietnia 2018 r.","breadcrumb":{"@id":"https:\/\/jetline.pl\/en\/ustawa-krajobrazowa\/10605\/#breadcrumb"},"inLanguage":"en-US","potentialAction":[{"@type":"ReadAction","target":["https:\/\/jetline.pl\/en\/ustawa-krajobrazowa\/10605\/"]}]},{"@type":"ImageObject","inLanguage":"en-US","@id":"https:\/\/jetline.pl\/en\/ustawa-krajobrazowa\/10605\/#primaryimage","url":"https:\/\/jetline.pl\/wp-content\/uploads\/2024\/09\/Kra1.png","contentUrl":"https:\/\/jetline.pl\/wp-content\/uploads\/2024\/09\/Kra1.png","width":391,"height":213},{"@type":"BreadcrumbList","@id":"https:\/\/jetline.pl\/en\/ustawa-krajobrazowa\/10605\/#breadcrumb","itemListElement":[{"@type":"ListItem","position":1,"name":"Strona główna","item":"https:\/\/jetline.pl\/en\/"},{"@type":"ListItem","position":2,"name":"Ustawa krajobrazowa","item":"https:\/\/jetline.pl\/en\/ustawa-krajobrazowa\/"},{"@type":"ListItem","position":3,"name":"Uchwała krajobrazowa w Krakowie. Powtórne wyłożenie."}]},{"@type":"WebSite","@id":"https:\/\/jetline.pl\/en\/#website","url":"https:\/\/jetline.pl\/en\/","name":"Jet Line","description":"Tworzymy przestrzeń do komunikacji","publisher":{"@id":"https:\/\/jetline.pl\/en\/#organization"},"potentialAction":[{"@type":"SearchAction","target":{"@type":"EntryPoint","urlTemplate":"https:\/\/jetline.pl\/en\/?s={search_term_string}"},"query-input":{"@type":"PropertyValueSpecification","valueRequired":true,"valueName":"search_term_string"}}],"inLanguage":"en-US"},{"@type":"Organization","@id":"https:\/\/jetline.pl\/en\/#organization","name":"Jet Line","url":"https:\/\/jetline.pl\/en\/","logo":{"@type":"ImageObject","inLanguage":"en-US","@id":"https:\/\/jetline.pl\/en\/#\/schema\/logo\/image\/","url":"https:\/\/jetline.pl\/wp-content\/uploads\/2024\/09\/logo_poziom_logo_poziom_czerwone-1.png","contentUrl":"https:\/\/jetline.pl\/wp-content\/uploads\/2024\/09\/logo_poziom_logo_poziom_czerwone-1.png","width":4946,"height":2016,"caption":"Jet Line"},"image":{"@id":"https:\/\/jetline.pl\/en\/#\/schema\/logo\/image\/"}}]}</script>
<!-- / Yoast SEO plugin. -->

Uchwała krajobrazowa w Krakowie. Powtórne wyłożenie. - Jet Line

Uchwała krajobrazowa zostaje ponownie wyłożona przez Prezydenta Krakowa. Nowy projekt zostanie ogłoszony publicznie za kilka dni, 9 kwietnia 2018 r.

Strona główna

Tworzymy przestrzeń do komunikacji
