{"id":1756,"date":"2020-02-27T07:50:17","date_gmt":"2020-02-27T06:50:17","guid":{"rendered":"https:\/\/jetline.presb.pl\/ustawa-krajobrazowa\/uchwala-krajobrazowa-w-krakowie\/"},"modified":"2025-02-28T10:46:32","modified_gmt":"2025-02-28T09:46:32","slug":"uchwala-krajobrazowa-w-krakowie","status":"publish","type":"ustawa","link":"https:\/\/jetline.pl\/en\/ustawa-krajobrazowa\/uchwala-krajobrazowa-w-krakowie\/","title":{"rendered":"Uchwa\u0142a krajobrazowa w Krakowie"},"content":{"rendered":"<p>26 lutego 2020 roku Rada Miasta Krakowa zdecydowan\u0105 wi\u0119kszo\u015bci\u0105 g\u0142os\u00f3w przyj\u0119\u0142a uchwa\u0142\u0119 krajobrazow\u0105. G\u0142osowanie by\u0142o poprzedzone burzliw\u0105 dyskusj\u0105, na kt\u00f3r\u0105 wa\u017cny wp\u0142yw mia\u0142a <a href=\"https:\/\/jetline.pl\/ooh-w-polsce\/uchwala-krajobrazowa-w-warszawie-zostala-uniewazniona\">decyzja Wojewody Mazowieckiego<\/a>, uchylaj\u0105ca uchwa\u0142\u0119 w Warszawie.<\/p>\n<p>Prace nad uchwa\u0142\u0105 w Krakowie rozpocz\u0119\u0142y si\u0119 w pa\u017adzierniku 2015 roku. Przez ten czas wy\u0142o\u017cono 3 projekty. Uchwa\u0142a ma zacz\u0105\u0107 obowi\u0105zywa\u0107 1 lipca 2020 roku. Obecny projekt zak\u0142ada 2-letni okres dostosowania dla istniej\u0105cych tablic i urz\u0105dze\u0144 reklamowych.<\/p>\n<p>Wi\u0119cej o uchwale krakowskiej napisz\u0119 w przysz\u0142ym tygodniu, w podsumowaniu prac nad wszystkimi uchwa\u0142ami w G8.<\/p>\n<p>Ze szczeg\u00f3\u0142ami dokumentu mo\u017cna zapozna\u0107 si\u0119 pod adresem:<\/p>\n<p><a href=\"https:\/\/www.bip.krakow.pl\/?dok_id=103304&amp;sub=porzadek_obrad\" target=\"_blank\" rel=\"noopener noreferrer\">https:\/\/www.bip.krakow.pl\/?dok_id=103304&amp;sub=porzadek_obrad<\/a><\/p>\n","protected":false},"author":16,"featured_media":1631,"template":"","ustawa_cat":[561],"class_list":["post-1756","ustawa","type-ustawa","status-publish","has-post-thumbnail","hentry","ustawa_cat-krakow"],"acf":[],"yoast_head":"<!-- This site is optimized with the Yoast SEO plugin v27.5 - https:\/\/yoast.com\/product\/yoast-seo-wordpress\/ -->\n<title>Uchwa\u0142a krajobrazowa w Krakowie - Jet Line<\/title>\n<meta name=\"description\" content=\"Uchwa\u0142a krajobrazowa w Krakowie zosta\u0142a przyj\u0119ta przez radnych 26 lutego 2020 r. zdecydowan\u0105 wi\u0119kszo\u015bci\u0105 g\u0142os\u00f3w. Prace nad ni\u0105 zacz\u0119to w pa\u017adzierniku 2015.\" \/>\n<meta name=\"robots\" content=\"index, follow, max-snippet:-1, max-image-preview:large, max-video-preview:-1\" \/>\n<link rel=\"canonical\" href=\"https:\/\/jetline.pl\/en\/ustawa-krajobrazowa\/uchwala-krajobrazowa-w-krakowie\/\" \/>\n<meta property=\"og:locale\" content=\"en_US\" \/>\n<meta property=\"og:type\" content=\"article\" \/>\n<meta property=\"og:title\" content=\"Uchwa\u0142a krajobrazowa w Krakowie - Jet Line\" \/>\n<meta property=\"og:description\" content=\"Uchwa\u0142a krajobrazowa w Krakowie zosta\u0142a przyj\u0119ta przez radnych 26 lutego 2020 r. zdecydowan\u0105 wi\u0119kszo\u015bci\u0105 g\u0142os\u00f3w. Prace nad ni\u0105 zacz\u0119to w pa\u017adzierniku 2015.\" \/>\n<meta property=\"og:url\" content=\"https:\/\/jetline.pl\/en\/ustawa-krajobrazowa\/uchwala-krajobrazowa-w-krakowie\/\" \/>\n<meta property=\"og:site_name\" content=\"Jet Line\" \/>\n<meta property=\"article:modified_time\" content=\"2025-02-28T09:46:32+00:00\" \/>\n<meta property=\"og:image\" content=\"https:\/\/jetline.pl\/wp-content\/uploads\/2024\/09\/Krakow.jpg\" \/>\n\t<meta property=\"og:image:width\" content=\"625\" \/>\n\t<meta property=\"og:image:height\" content=\"591\" \/>\n\t<meta property=\"og:image:type\" content=\"image\/jpeg\" \/>\n<meta name=\"twitter:card\" content=\"summary_large_image\" \/>\n<meta name=\"twitter:label1\" content=\"Est. reading time\" \/>\n\t<meta name=\"twitter:data1\" content=\"1 minute\" \/>\n<script type=\"application\/ld+json\" class=\"yoast-schema-graph\">{\"@context\":\"https:\\\/\\\/schema.org\",\"@graph\":[{\"@type\":\"WebPage\",\"@id\":\"https:\\\/\\\/jetline.pl\\\/en\\\/ustawa-krajobrazowa\\\/uchwala-krajobrazowa-w-krakowie\\\/\",\"url\":\"https:\\\/\\\/jetline.pl\\\/en\\\/ustawa-krajobrazowa\\\/uchwala-krajobrazowa-w-krakowie\\\/\",\"name\":\"Uchwa\u0142a krajobrazowa w Krakowie - Jet Line\",\"isPartOf\":{\"@id\":\"https:\\\/\\\/jetline.pl\\\/en\\\/#website\"},\"primaryImageOfPage\":{\"@id\":\"https:\\\/\\\/jetline.pl\\\/en\\\/ustawa-krajobrazowa\\\/uchwala-krajobrazowa-w-krakowie\\\/#primaryimage\"},\"image\":{\"@id\":\"https:\\\/\\\/jetline.pl\\\/en\\\/ustawa-krajobrazowa\\\/uchwala-krajobrazowa-w-krakowie\\\/#primaryimage\"},\"thumbnailUrl\":\"https:\\\/\\\/jetline.pl\\\/wp-content\\\/uploads\\\/2024\\\/09\\\/Krakow.jpg\",\"datePublished\":\"2020-02-27T06:50:17+00:00\",\"dateModified\":\"2025-02-28T09:46:32+00:00\",\"description\":\"Uchwa\u0142a krajobrazowa w Krakowie zosta\u0142a przyj\u0119ta przez radnych 26 lutego 2020 r. zdecydowan\u0105 wi\u0119kszo\u015bci\u0105 g\u0142os\u00f3w. Prace nad ni\u0105 zacz\u0119to w pa\u017adzierniku 2015.\",\"breadcrumb\":{\"@id\":\"https:\\\/\\\/jetline.pl\\\/en\\\/ustawa-krajobrazowa\\\/uchwala-krajobrazowa-w-krakowie\\\/#breadcrumb\"},\"inLanguage\":\"en-US\",\"potentialAction\":[{\"@type\":\"ReadAction\",\"target\":[\"https:\\\/\\\/jetline.pl\\\/en\\\/ustawa-krajobrazowa\\\/uchwala-krajobrazowa-w-krakowie\\\/\"]}]},{\"@type\":\"ImageObject\",\"inLanguage\":\"en-US\",\"@id\":\"https:\\\/\\\/jetline.pl\\\/en\\\/ustawa-krajobrazowa\\\/uchwala-krajobrazowa-w-krakowie\\\/#primaryimage\",\"url\":\"https:\\\/\\\/jetline.pl\\\/wp-content\\\/uploads\\\/2024\\\/09\\\/Krakow.jpg\",\"contentUrl\":\"https:\\\/\\\/jetline.pl\\\/wp-content\\\/uploads\\\/2024\\\/09\\\/Krakow.jpg\",\"width\":625,\"height\":591},{\"@type\":\"BreadcrumbList\",\"@id\":\"https:\\\/\\\/jetline.pl\\\/en\\\/ustawa-krajobrazowa\\\/uchwala-krajobrazowa-w-krakowie\\\/#breadcrumb\",\"itemListElement\":[{\"@type\":\"ListItem\",\"position\":1,\"name\":\"Strona g\u0142\u00f3wna\",\"item\":\"https:\\\/\\\/jetline.pl\\\/en\\\/\"},{\"@type\":\"ListItem\",\"position\":2,\"name\":\"Ustawa krajobrazowa\",\"item\":\"https:\\\/\\\/jetline.pl\\\/en\\\/ustawa-krajobrazowa\\\/\"},{\"@type\":\"ListItem\",\"position\":3,\"name\":\"Uchwa\u0142a krajobrazowa w Krakowie\"}]},{\"@type\":\"WebSite\",\"@id\":\"https:\\\/\\\/jetline.pl\\\/en\\\/#website\",\"url\":\"https:\\\/\\\/jetline.pl\\\/en\\\/\",\"name\":\"Jet Line\",\"description\":\"Tworzymy przestrze\u0144 do komunikacji\",\"publisher\":{\"@id\":\"https:\\\/\\\/jetline.pl\\\/en\\\/#organization\"},\"potentialAction\":[{\"@type\":\"SearchAction\",\"target\":{\"@type\":\"EntryPoint\",\"urlTemplate\":\"https:\\\/\\\/jetline.pl\\\/en\\\/?s={search_term_string}\"},\"query-input\":{\"@type\":\"PropertyValueSpecification\",\"valueRequired\":true,\"valueName\":\"search_term_string\"}}],\"inLanguage\":\"en-US\"},{\"@type\":\"Organization\",\"@id\":\"https:\\\/\\\/jetline.pl\\\/en\\\/#organization\",\"name\":\"Jet Line\",\"url\":\"https:\\\/\\\/jetline.pl\\\/en\\\/\",\"logo\":{\"@type\":\"ImageObject\",\"inLanguage\":\"en-US\",\"@id\":\"https:\\\/\\\/jetline.pl\\\/en\\\/#\\\/schema\\\/logo\\\/image\\\/\",\"url\":\"https:\\\/\\\/jetline.pl\\\/wp-content\\\/uploads\\\/2024\\\/09\\\/logo_poziom_logo_poziom_czerwone-1.png\",\"contentUrl\":\"https:\\\/\\\/jetline.pl\\\/wp-content\\\/uploads\\\/2024\\\/09\\\/logo_poziom_logo_poziom_czerwone-1.png\",\"width\":4946,\"height\":2016,\"caption\":\"Jet Line\"},\"image\":{\"@id\":\"https:\\\/\\\/jetline.pl\\\/en\\\/#\\\/schema\\\/logo\\\/image\\\/\"}}]}<\/script>\n<!-- \/ Yoast SEO plugin. -->","yoast_head_json":{"title":"Uchwa\u0142a krajobrazowa w Krakowie - Jet Line","description":"Uchwa\u0142a krajobrazowa w Krakowie zosta\u0142a przyj\u0119ta przez radnych 26 lutego 2020 r. zdecydowan\u0105 wi\u0119kszo\u015bci\u0105 g\u0142os\u00f3w. Prace nad ni\u0105 zacz\u0119to w pa\u017adzierniku 2015.","robots":{"index":"index","follow":"follow","max-snippet":"max-snippet:-1","max-image-preview":"max-image-preview:large","max-video-preview":"max-video-preview:-1"},"canonical":"https:\/\/jetline.pl\/en\/ustawa-krajobrazowa\/uchwala-krajobrazowa-w-krakowie\/","og_locale":"en_US","og_type":"article","og_title":"Uchwa\u0142a krajobrazowa w Krakowie - Jet Line","og_description":"Uchwa\u0142a krajobrazowa w Krakowie zosta\u0142a przyj\u0119ta przez radnych 26 lutego 2020 r. zdecydowan\u0105 wi\u0119kszo\u015bci\u0105 g\u0142os\u00f3w. Prace nad ni\u0105 zacz\u0119to w pa\u017adzierniku 2015.","og_url":"https:\/\/jetline.pl\/en\/ustawa-krajobrazowa\/uchwala-krajobrazowa-w-krakowie\/","og_site_name":"Jet Line","article_modified_time":"2025-02-28T09:46:32+00:00","og_image":[{"width":625,"height":591,"url":"https:\/\/jetline.pl\/wp-content\/uploads\/2024\/09\/Krakow.jpg","type":"image\/jpeg"}],"twitter_card":"summary_large_image","twitter_misc":{"Est. reading time":"1 minute"},"schema":{"@context":"https:\/\/schema.org","@graph":[{"@type":"WebPage","@id":"https:\/\/jetline.pl\/en\/ustawa-krajobrazowa\/uchwala-krajobrazowa-w-krakowie\/","url":"https:\/\/jetline.pl\/en\/ustawa-krajobrazowa\/uchwala-krajobrazowa-w-krakowie\/","name":"Uchwa\u0142a krajobrazowa w Krakowie - Jet Line","isPartOf":{"@id":"https:\/\/jetline.pl\/en\/#website"},"primaryImageOfPage":{"@id":"https:\/\/jetline.pl\/en\/ustawa-krajobrazowa\/uchwala-krajobrazowa-w-krakowie\/#primaryimage"},"image":{"@id":"https:\/\/jetline.pl\/en\/ustawa-krajobrazowa\/uchwala-krajobrazowa-w-krakowie\/#primaryimage"},"thumbnailUrl":"https:\/\/jetline.pl\/wp-content\/uploads\/2024\/09\/Krakow.jpg","datePublished":"2020-02-27T06:50:17+00:00","dateModified":"2025-02-28T09:46:32+00:00","description":"Uchwa\u0142a krajobrazowa w Krakowie zosta\u0142a przyj\u0119ta przez radnych 26 lutego 2020 r. zdecydowan\u0105 wi\u0119kszo\u015bci\u0105 g\u0142os\u00f3w. Prace nad ni\u0105 zacz\u0119to w pa\u017adzierniku 2015.","breadcrumb":{"@id":"https:\/\/jetline.pl\/en\/ustawa-krajobrazowa\/uchwala-krajobrazowa-w-krakowie\/#breadcrumb"},"inLanguage":"en-US","potentialAction":[{"@type":"ReadAction","target":["https:\/\/jetline.pl\/en\/ustawa-krajobrazowa\/uchwala-krajobrazowa-w-krakowie\/"]}]},{"@type":"ImageObject","inLanguage":"en-US","@id":"https:\/\/jetline.pl\/en\/ustawa-krajobrazowa\/uchwala-krajobrazowa-w-krakowie\/#primaryimage","url":"https:\/\/jetline.pl\/wp-content\/uploads\/2024\/09\/Krakow.jpg","contentUrl":"https:\/\/jetline.pl\/wp-content\/uploads\/2024\/09\/Krakow.jpg","width":625,"height":591},{"@type":"BreadcrumbList","@id":"https:\/\/jetline.pl\/en\/ustawa-krajobrazowa\/uchwala-krajobrazowa-w-krakowie\/#breadcrumb","itemListElement":[{"@type":"ListItem","position":1,"name":"Strona g\u0142\u00f3wna","item":"https:\/\/jetline.pl\/en\/"},{"@type":"ListItem","position":2,"name":"Ustawa krajobrazowa","item":"https:\/\/jetline.pl\/en\/ustawa-krajobrazowa\/"},{"@type":"ListItem","position":3,"name":"Uchwa\u0142a krajobrazowa w Krakowie"}]},{"@type":"WebSite","@id":"https:\/\/jetline.pl\/en\/#website","url":"https:\/\/jetline.pl\/en\/","name":"Jet Line","description":"Tworzymy przestrze\u0144 do komunikacji","publisher":{"@id":"https:\/\/jetline.pl\/en\/#organization"},"potentialAction":[{"@type":"SearchAction","target":{"@type":"EntryPoint","urlTemplate":"https:\/\/jetline.pl\/en\/?s={search_term_string}"},"query-input":{"@type":"PropertyValueSpecification","valueRequired":true,"valueName":"search_term_string"}}],"inLanguage":"en-US"},{"@type":"Organization","@id":"https:\/\/jetline.pl\/en\/#organization","name":"Jet Line","url":"https:\/\/jetline.pl\/en\/","logo":{"@type":"ImageObject","inLanguage":"en-US","@id":"https:\/\/jetline.pl\/en\/#\/schema\/logo\/image\/","url":"https:\/\/jetline.pl\/wp-content\/uploads\/2024\/09\/logo_poziom_logo_poziom_czerwone-1.png","contentUrl":"https:\/\/jetline.pl\/wp-content\/uploads\/2024\/09\/logo_poziom_logo_poziom_czerwone-1.png","width":4946,"height":2016,"caption":"Jet Line"},"image":{"@id":"https:\/\/jetline.pl\/en\/#\/schema\/logo\/image\/"}}]}},"_links":{"self":[{"href":"https:\/\/jetline.pl\/en\/wp-json\/wp\/v2\/ustawa\/1756","targetHints":{"allow":["GET"]}}],"collection":[{"href":"https:\/\/jetline.pl\/en\/wp-json\/wp\/v2\/ustawa"}],"about":[{"href":"https:\/\/jetline.pl\/en\/wp-json\/wp\/v2\/types\/ustawa"}],"author":[{"embeddable":true,"href":"https:\/\/jetline.pl\/en\/wp-json\/wp\/v2\/users\/16"}],"wp:featuredmedia":[{"embeddable":true,"href":"https:\/\/jetline.pl\/en\/wp-json\/wp\/v2\/media\/1631"}],"wp:attachment":[{"href":"https:\/\/jetline.pl\/en\/wp-json\/wp\/v2\/media?parent=1756"}],"wp:term":[{"taxonomy":"ustawa_cat","embeddable":true,"href":"https:\/\/jetline.pl\/en\/wp-json\/wp\/v2\/ustawa_cat?post=1756"}],"curies":[{"name":"wp","href":"https:\/\/api.w.org\/{rel}","templated":true}]}}

Uchwała krajobrazowa w Krakowie

<p>26 lutego 2020 roku Rada Miasta Krakowa zdecydowaną większością głosów przyjęła uchwałę krajobrazową. Głosowanie było poprzedzone burzliwą dyskusją, na którą ważny wpływ miała <a href="https://jetline.pl/ooh-w-polsce/uchwala-krajobrazowa-w-warszawie-zostala-uniewazniona">decyzja Wojewody Mazowieckiego</a>, uchylająca uchwałę w Warszawie.</p>
<p>Prace nad uchwałą w Krakowie rozpoczęły się w październiku 2015 roku. Przez ten czas wyłożono 3 projekty. Uchwała ma zacząć obowiązywać 1 lipca 2020 roku. Obecny projekt zakłada 2-letni okres dostosowania dla istniejących tablic i urządzeń reklamowych.</p>
<p>Więcej o uchwale krakowskiej napiszę w przyszłym tygodniu, w podsumowaniu prac nad wszystkimi uchwałami w G8.</p>
<p>Ze szczegółami dokumentu można zapoznać się pod adresem:</p>
<p><a href="https://www.bip.krakow.pl/?dok_id=103304&amp;sub=porzadek_obrad" target="_blank" rel="noopener noreferrer">https://www.bip.krakow.pl/?dok_id=103304&amp;sub=porzadek_obrad</a></p>

<!-- This site is optimized with the Yoast SEO plugin v27.5 - https://yoast.com/product/yoast-seo-wordpress/ -->
<title>Uchwała krajobrazowa w Krakowie - Jet Line</title>
<meta name="description" content="Uchwała krajobrazowa w Krakowie została przyjęta przez radnych 26 lutego 2020 r. zdecydowaną większością głosów. Prace nad nią zaczęto w październiku 2015." />
<meta name="robots" content="index, follow, max-snippet:-1, max-image-preview:large, max-video-preview:-1" />
<link rel="canonical" href="https://jetline.pl/en/ustawa-krajobrazowa/uchwala-krajobrazowa-w-krakowie/" />
<meta property="og:locale" content="en_US" />
<meta property="og:type" content="article" />
<meta property="og:title" content="Uchwała krajobrazowa w Krakowie - Jet Line" />
<meta property="og:description" content="Uchwała krajobrazowa w Krakowie została przyjęta przez radnych 26 lutego 2020 r. zdecydowaną większością głosów. Prace nad nią zaczęto w październiku 2015." />
<meta property="og:url" content="https://jetline.pl/en/ustawa-krajobrazowa/uchwala-krajobrazowa-w-krakowie/" />
<meta property="og:site_name" content="Jet Line" />
<meta property="article:modified_time" content="2025-02-28T09:46:32+00:00" />
<meta property="og:image" content="https://jetline.pl/wp-content/uploads/2024/09/Krakow.jpg" />
	<meta property="og:image:width" content="625" />
	<meta property="og:image:height" content="591" />
	<meta property="og:image:type" content="image/jpeg" />
<meta name="twitter:card" content="summary_large_image" />
<meta name="twitter:label1" content="Est. reading time" />
	<meta name="twitter:data1" content="1 minute" />
<script type="application/ld+json" class="yoast-schema-graph">{"@context":"https:\/\/schema.org","@graph":[{"@type":"WebPage","@id":"https:\/\/jetline.pl\/en\/ustawa-krajobrazowa\/uchwala-krajobrazowa-w-krakowie\/","url":"https:\/\/jetline.pl\/en\/ustawa-krajobrazowa\/uchwala-krajobrazowa-w-krakowie\/","name":"Uchwała krajobrazowa w Krakowie - Jet Line","isPartOf":{"@id":"https:\/\/jetline.pl\/en\/#website"},"primaryImageOfPage":{"@id":"https:\/\/jetline.pl\/en\/ustawa-krajobrazowa\/uchwala-krajobrazowa-w-krakowie\/#primaryimage"},"image":{"@id":"https:\/\/jetline.pl\/en\/ustawa-krajobrazowa\/uchwala-krajobrazowa-w-krakowie\/#primaryimage"},"thumbnailUrl":"https:\/\/jetline.pl\/wp-content\/uploads\/2024\/09\/Krakow.jpg","datePublished":"2020-02-27T06:50:17+00:00","dateModified":"2025-02-28T09:46:32+00:00","description":"Uchwała krajobrazowa w Krakowie została przyjęta przez radnych 26 lutego 2020 r. zdecydowaną większością głosów. Prace nad nią zaczęto w październiku 2015.","breadcrumb":{"@id":"https:\/\/jetline.pl\/en\/ustawa-krajobrazowa\/uchwala-krajobrazowa-w-krakowie\/#breadcrumb"},"inLanguage":"en-US","potentialAction":[{"@type":"ReadAction","target":["https:\/\/jetline.pl\/en\/ustawa-krajobrazowa\/uchwala-krajobrazowa-w-krakowie\/"]}]},{"@type":"ImageObject","inLanguage":"en-US","@id":"https:\/\/jetline.pl\/en\/ustawa-krajobrazowa\/uchwala-krajobrazowa-w-krakowie\/#primaryimage","url":"https:\/\/jetline.pl\/wp-content\/uploads\/2024\/09\/Krakow.jpg","contentUrl":"https:\/\/jetline.pl\/wp-content\/uploads\/2024\/09\/Krakow.jpg","width":625,"height":591},{"@type":"BreadcrumbList","@id":"https:\/\/jetline.pl\/en\/ustawa-krajobrazowa\/uchwala-krajobrazowa-w-krakowie\/#breadcrumb","itemListElement":[{"@type":"ListItem","position":1,"name":"Strona główna","item":"https:\/\/jetline.pl\/en\/"},{"@type":"ListItem","position":2,"name":"Ustawa krajobrazowa","item":"https:\/\/jetline.pl\/en\/ustawa-krajobrazowa\/"},{"@type":"ListItem","position":3,"name":"Uchwała krajobrazowa w Krakowie"}]},{"@type":"WebSite","@id":"https:\/\/jetline.pl\/en\/#website","url":"https:\/\/jetline.pl\/en\/","name":"Jet Line","description":"Tworzymy przestrzeń do komunikacji","publisher":{"@id":"https:\/\/jetline.pl\/en\/#organization"},"potentialAction":[{"@type":"SearchAction","target":{"@type":"EntryPoint","urlTemplate":"https:\/\/jetline.pl\/en\/?s={search_term_string}"},"query-input":{"@type":"PropertyValueSpecification","valueRequired":true,"valueName":"search_term_string"}}],"inLanguage":"en-US"},{"@type":"Organization","@id":"https:\/\/jetline.pl\/en\/#organization","name":"Jet Line","url":"https:\/\/jetline.pl\/en\/","logo":{"@type":"ImageObject","inLanguage":"en-US","@id":"https:\/\/jetline.pl\/en\/#\/schema\/logo\/image\/","url":"https:\/\/jetline.pl\/wp-content\/uploads\/2024\/09\/logo_poziom_logo_poziom_czerwone-1.png","contentUrl":"https:\/\/jetline.pl\/wp-content\/uploads\/2024\/09\/logo_poziom_logo_poziom_czerwone-1.png","width":4946,"height":2016,"caption":"Jet Line"},"image":{"@id":"https:\/\/jetline.pl\/en\/#\/schema\/logo\/image\/"}}]}</script>
<!-- / Yoast SEO plugin. -->

Uchwała krajobrazowa w Krakowie - Jet Line

Uchwała krajobrazowa w Krakowie została przyjęta przez radnych 26 lutego 2020 r. zdecydowaną większością głosów. Prace nad nią zaczęto w październiku 2015.

Strona główna

Tworzymy przestrzeń do komunikacji
