{"id":1789,"date":"2024-04-25T11:02:52","date_gmt":"2024-04-25T09:02:52","guid":{"rendered":"https:\/\/jetline.presb.pl\/ustawa-krajobrazowa\/wolne-sady\/"},"modified":"2025-02-28T10:55:47","modified_gmt":"2025-02-28T09:55:47","slug":"wolne-sady","status":"publish","type":"ustawa","link":"https:\/\/jetline.pl\/en\/ustawa-krajobrazowa\/wolne-sady\/","title":{"rendered":"WOLNE S\u0104DY"},"content":{"rendered":"<p>W kwietniu 2019 roku Wojew\u00f3dzki S\u0105d Administracyjny (WSA) oddali\u0142 wszystkie skargi na uchwa\u0142\u0119 krajobrazow\u0105 Gda\u0144ska. Sprawa trafi\u0142a do Naczelnego S\u0105du Administracyjnego (NSA) i bardzo szybko zosta\u0142a zawieszona w oczekiwaniu na wyrok Trybuna\u0142u Konstytucyjnego.<\/p>\n<p>&nbsp;<\/p>\n<p>Min\u0119\u0142o ponad 5 lat.<\/p>\n<p>&nbsp;<\/p>\n<p>Wczoraj 24 kwietnia 2024 roku NSA ponownie pochyli\u0142 si\u0119 na tematem. S\u0105d rozpatrywa\u0142 10 skarg kasacyjnych. W\u015br\u00f3d skar\u017c\u0105cych znajdowa\u0142y si\u0119 nie tylko firmy z bran\u017cy reklamy zewn\u0119trznej, ale tak\u017ce lokalni przedsi\u0119biorcy i w\u0142a\u015bciciele nieruchomo\u015bci.<\/p>\n<p>&nbsp;<\/p>\n<p>S\u0105d zdecydowa\u0142 uchyli\u0107 zapisy uchwa\u0142y dotycz\u0105ce okres\u00f3w dostosowawczych dla tablic i urz\u0105dze\u0144 reklamowych posiadaj\u0105cych zgody budowlane, ustawionych przed wej\u015bciem w \u017cycie uchwa\u0142y.<\/p>\n<p>&nbsp;<\/p>\n<p>Taki sam wyrok zapad\u0142 w odniesieniu do uchwa\u0142 w Nowym S\u0105czu i Sopocie.<\/p>\n<p>&nbsp;<\/p>\n<p>Orzeczenie NSA jest ostateczne, nie mo\u017cna ich zaskar\u017cy\u0107, zatem mo\u017cemy przyj\u0105\u0107 z bardzo du\u017cym prawdopodobie\u0144stwem, \u017ce taki kszta\u0142t b\u0119d\u0105 mia\u0142y wszystkie uchwa\u0142y krajobrazowe. Oczywi\u015bcie uchwa\u0142y b\u0119d\u0105 ewoluowa\u0107 po zmianach ustawy krajobrazowej.<\/p>\n<p>&nbsp;<\/p>\n<p>Na ten wyrok czekali\u015bmy bardzo d\u0142ugo. Po 9-ciu latach s\u0105d uzna\u0142 \u017ce prawa nabyte musz\u0105 by\u0107 respektowane. Nie mo\u017cna nakaza\u0107 rozbi\u00f3rki tablic b\u0105d\u017a urz\u0105dze\u0144 reklamowych ustawionych zgodnie z przepisami prawa. Tym samym mog\u0105 cieszy\u0107 si\u0119 wszyscy, kt\u00f3rzy uczciwie prowadzili swoje biznesy. Szkoda tylko \u017ce dochodzenie sprawiedliwo\u015bci trwa\u0142o tak d\u0142ugo.<\/p>\n<p>&nbsp;<\/p>\n<p>Podobne wyroki zapad\u0142y ju\u017c w s\u0105dach wojew\u00f3dzkich: w styczniu w stosunku do uchwa\u0142y w Poznaniu; w marcu \u2013 Bytonia, kwietniu \u2013 Kalisza.<\/p>\n","protected":false},"author":16,"featured_media":1692,"template":"","ustawa_cat":[567],"class_list":["post-1789","ustawa","type-ustawa","status-publish","has-post-thumbnail","hentry","ustawa_cat-przeglady-sytuacji"],"acf":[],"yoast_head":"<!-- This site is optimized with the Yoast SEO plugin v27.5 - https:\/\/yoast.com\/product\/yoast-seo-wordpress\/ -->\n<title>WOLNE S\u0104DY<\/title>\n<meta name=\"description\" content=\"W kwietniu 2019 roku Wojew\u00f3dzki S\u0105d Administracyjny (WSA) oddali\u0142 wszystkie skargi na uchwa\u0142\u0119 krajobrazow\u0105 Gda\u0144ska. Sprawa trafi\u0142a do...\" \/>\n<meta name=\"robots\" content=\"index, follow, max-snippet:-1, max-image-preview:large, max-video-preview:-1\" \/>\n<link rel=\"canonical\" href=\"https:\/\/jetline.pl\/en\/ustawa-krajobrazowa\/wolne-sady\/\" \/>\n<meta property=\"og:locale\" content=\"en_US\" \/>\n<meta property=\"og:type\" content=\"article\" \/>\n<meta property=\"og:title\" content=\"WOLNE S\u0104DY\" \/>\n<meta property=\"og:description\" content=\"W kwietniu 2019 roku Wojew\u00f3dzki S\u0105d Administracyjny (WSA) oddali\u0142 wszystkie skargi na uchwa\u0142\u0119 krajobrazow\u0105 Gda\u0144ska. Sprawa trafi\u0142a do...\" \/>\n<meta property=\"og:url\" content=\"https:\/\/jetline.pl\/en\/ustawa-krajobrazowa\/wolne-sady\/\" \/>\n<meta property=\"og:site_name\" content=\"Jet Line\" \/>\n<meta property=\"article:modified_time\" content=\"2025-02-28T09:55:47+00:00\" \/>\n<meta property=\"og:image\" content=\"https:\/\/jetline.pl\/wp-content\/uploads\/2024\/09\/20240424_142822-002-scaled-1.jpg\" \/>\n\t<meta property=\"og:image:width\" content=\"2560\" \/>\n\t<meta property=\"og:image:height\" content=\"1153\" \/>\n\t<meta property=\"og:image:type\" content=\"image\/jpeg\" \/>\n<meta name=\"twitter:card\" content=\"summary_large_image\" \/>\n<meta name=\"twitter:label1\" content=\"Est. reading time\" \/>\n\t<meta name=\"twitter:data1\" content=\"2 minutes\" \/>\n<script type=\"application\/ld+json\" class=\"yoast-schema-graph\">{\"@context\":\"https:\\\/\\\/schema.org\",\"@graph\":[{\"@type\":\"WebPage\",\"@id\":\"https:\\\/\\\/jetline.pl\\\/en\\\/ustawa-krajobrazowa\\\/wolne-sady\\\/\",\"url\":\"https:\\\/\\\/jetline.pl\\\/en\\\/ustawa-krajobrazowa\\\/wolne-sady\\\/\",\"name\":\"WOLNE S\u0104DY\",\"isPartOf\":{\"@id\":\"https:\\\/\\\/jetline.pl\\\/en\\\/#website\"},\"primaryImageOfPage\":{\"@id\":\"https:\\\/\\\/jetline.pl\\\/en\\\/ustawa-krajobrazowa\\\/wolne-sady\\\/#primaryimage\"},\"image\":{\"@id\":\"https:\\\/\\\/jetline.pl\\\/en\\\/ustawa-krajobrazowa\\\/wolne-sady\\\/#primaryimage\"},\"thumbnailUrl\":\"https:\\\/\\\/jetline.pl\\\/wp-content\\\/uploads\\\/2024\\\/09\\\/20240424_142822-002-scaled-1.jpg\",\"datePublished\":\"2024-04-25T09:02:52+00:00\",\"dateModified\":\"2025-02-28T09:55:47+00:00\",\"description\":\"W kwietniu 2019 roku Wojew\u00f3dzki S\u0105d Administracyjny (WSA) oddali\u0142 wszystkie skargi na uchwa\u0142\u0119 krajobrazow\u0105 Gda\u0144ska. Sprawa trafi\u0142a do...\",\"breadcrumb\":{\"@id\":\"https:\\\/\\\/jetline.pl\\\/en\\\/ustawa-krajobrazowa\\\/wolne-sady\\\/#breadcrumb\"},\"inLanguage\":\"en-US\",\"potentialAction\":[{\"@type\":\"ReadAction\",\"target\":[\"https:\\\/\\\/jetline.pl\\\/en\\\/ustawa-krajobrazowa\\\/wolne-sady\\\/\"]}]},{\"@type\":\"ImageObject\",\"inLanguage\":\"en-US\",\"@id\":\"https:\\\/\\\/jetline.pl\\\/en\\\/ustawa-krajobrazowa\\\/wolne-sady\\\/#primaryimage\",\"url\":\"https:\\\/\\\/jetline.pl\\\/wp-content\\\/uploads\\\/2024\\\/09\\\/20240424_142822-002-scaled-1.jpg\",\"contentUrl\":\"https:\\\/\\\/jetline.pl\\\/wp-content\\\/uploads\\\/2024\\\/09\\\/20240424_142822-002-scaled-1.jpg\",\"width\":2560,\"height\":1153},{\"@type\":\"BreadcrumbList\",\"@id\":\"https:\\\/\\\/jetline.pl\\\/en\\\/ustawa-krajobrazowa\\\/wolne-sady\\\/#breadcrumb\",\"itemListElement\":[{\"@type\":\"ListItem\",\"position\":1,\"name\":\"Strona g\u0142\u00f3wna\",\"item\":\"https:\\\/\\\/jetline.pl\\\/en\\\/\"},{\"@type\":\"ListItem\",\"position\":2,\"name\":\"Ustawa krajobrazowa\",\"item\":\"https:\\\/\\\/jetline.pl\\\/en\\\/ustawa-krajobrazowa\\\/\"},{\"@type\":\"ListItem\",\"position\":3,\"name\":\"WOLNE S\u0104DY\"}]},{\"@type\":\"WebSite\",\"@id\":\"https:\\\/\\\/jetline.pl\\\/en\\\/#website\",\"url\":\"https:\\\/\\\/jetline.pl\\\/en\\\/\",\"name\":\"Jet Line\",\"description\":\"Tworzymy przestrze\u0144 do komunikacji\",\"publisher\":{\"@id\":\"https:\\\/\\\/jetline.pl\\\/en\\\/#organization\"},\"potentialAction\":[{\"@type\":\"SearchAction\",\"target\":{\"@type\":\"EntryPoint\",\"urlTemplate\":\"https:\\\/\\\/jetline.pl\\\/en\\\/?s={search_term_string}\"},\"query-input\":{\"@type\":\"PropertyValueSpecification\",\"valueRequired\":true,\"valueName\":\"search_term_string\"}}],\"inLanguage\":\"en-US\"},{\"@type\":\"Organization\",\"@id\":\"https:\\\/\\\/jetline.pl\\\/en\\\/#organization\",\"name\":\"Jet Line\",\"url\":\"https:\\\/\\\/jetline.pl\\\/en\\\/\",\"logo\":{\"@type\":\"ImageObject\",\"inLanguage\":\"en-US\",\"@id\":\"https:\\\/\\\/jetline.pl\\\/en\\\/#\\\/schema\\\/logo\\\/image\\\/\",\"url\":\"https:\\\/\\\/jetline.pl\\\/wp-content\\\/uploads\\\/2024\\\/09\\\/logo_poziom_logo_poziom_czerwone-1.png\",\"contentUrl\":\"https:\\\/\\\/jetline.pl\\\/wp-content\\\/uploads\\\/2024\\\/09\\\/logo_poziom_logo_poziom_czerwone-1.png\",\"width\":4946,\"height\":2016,\"caption\":\"Jet Line\"},\"image\":{\"@id\":\"https:\\\/\\\/jetline.pl\\\/en\\\/#\\\/schema\\\/logo\\\/image\\\/\"}}]}<\/script>\n<!-- \/ Yoast SEO plugin. -->","yoast_head_json":{"title":"WOLNE S\u0104DY","description":"W kwietniu 2019 roku Wojew\u00f3dzki S\u0105d Administracyjny (WSA) oddali\u0142 wszystkie skargi na uchwa\u0142\u0119 krajobrazow\u0105 Gda\u0144ska. Sprawa trafi\u0142a do...","robots":{"index":"index","follow":"follow","max-snippet":"max-snippet:-1","max-image-preview":"max-image-preview:large","max-video-preview":"max-video-preview:-1"},"canonical":"https:\/\/jetline.pl\/en\/ustawa-krajobrazowa\/wolne-sady\/","og_locale":"en_US","og_type":"article","og_title":"WOLNE S\u0104DY","og_description":"W kwietniu 2019 roku Wojew\u00f3dzki S\u0105d Administracyjny (WSA) oddali\u0142 wszystkie skargi na uchwa\u0142\u0119 krajobrazow\u0105 Gda\u0144ska. Sprawa trafi\u0142a do...","og_url":"https:\/\/jetline.pl\/en\/ustawa-krajobrazowa\/wolne-sady\/","og_site_name":"Jet Line","article_modified_time":"2025-02-28T09:55:47+00:00","og_image":[{"width":2560,"height":1153,"url":"https:\/\/jetline.pl\/wp-content\/uploads\/2024\/09\/20240424_142822-002-scaled-1.jpg","type":"image\/jpeg"}],"twitter_card":"summary_large_image","twitter_misc":{"Est. reading time":"2 minutes"},"schema":{"@context":"https:\/\/schema.org","@graph":[{"@type":"WebPage","@id":"https:\/\/jetline.pl\/en\/ustawa-krajobrazowa\/wolne-sady\/","url":"https:\/\/jetline.pl\/en\/ustawa-krajobrazowa\/wolne-sady\/","name":"WOLNE S\u0104DY","isPartOf":{"@id":"https:\/\/jetline.pl\/en\/#website"},"primaryImageOfPage":{"@id":"https:\/\/jetline.pl\/en\/ustawa-krajobrazowa\/wolne-sady\/#primaryimage"},"image":{"@id":"https:\/\/jetline.pl\/en\/ustawa-krajobrazowa\/wolne-sady\/#primaryimage"},"thumbnailUrl":"https:\/\/jetline.pl\/wp-content\/uploads\/2024\/09\/20240424_142822-002-scaled-1.jpg","datePublished":"2024-04-25T09:02:52+00:00","dateModified":"2025-02-28T09:55:47+00:00","description":"W kwietniu 2019 roku Wojew\u00f3dzki S\u0105d Administracyjny (WSA) oddali\u0142 wszystkie skargi na uchwa\u0142\u0119 krajobrazow\u0105 Gda\u0144ska. Sprawa trafi\u0142a do...","breadcrumb":{"@id":"https:\/\/jetline.pl\/en\/ustawa-krajobrazowa\/wolne-sady\/#breadcrumb"},"inLanguage":"en-US","potentialAction":[{"@type":"ReadAction","target":["https:\/\/jetline.pl\/en\/ustawa-krajobrazowa\/wolne-sady\/"]}]},{"@type":"ImageObject","inLanguage":"en-US","@id":"https:\/\/jetline.pl\/en\/ustawa-krajobrazowa\/wolne-sady\/#primaryimage","url":"https:\/\/jetline.pl\/wp-content\/uploads\/2024\/09\/20240424_142822-002-scaled-1.jpg","contentUrl":"https:\/\/jetline.pl\/wp-content\/uploads\/2024\/09\/20240424_142822-002-scaled-1.jpg","width":2560,"height":1153},{"@type":"BreadcrumbList","@id":"https:\/\/jetline.pl\/en\/ustawa-krajobrazowa\/wolne-sady\/#breadcrumb","itemListElement":[{"@type":"ListItem","position":1,"name":"Strona g\u0142\u00f3wna","item":"https:\/\/jetline.pl\/en\/"},{"@type":"ListItem","position":2,"name":"Ustawa krajobrazowa","item":"https:\/\/jetline.pl\/en\/ustawa-krajobrazowa\/"},{"@type":"ListItem","position":3,"name":"WOLNE S\u0104DY"}]},{"@type":"WebSite","@id":"https:\/\/jetline.pl\/en\/#website","url":"https:\/\/jetline.pl\/en\/","name":"Jet Line","description":"Tworzymy przestrze\u0144 do komunikacji","publisher":{"@id":"https:\/\/jetline.pl\/en\/#organization"},"potentialAction":[{"@type":"SearchAction","target":{"@type":"EntryPoint","urlTemplate":"https:\/\/jetline.pl\/en\/?s={search_term_string}"},"query-input":{"@type":"PropertyValueSpecification","valueRequired":true,"valueName":"search_term_string"}}],"inLanguage":"en-US"},{"@type":"Organization","@id":"https:\/\/jetline.pl\/en\/#organization","name":"Jet Line","url":"https:\/\/jetline.pl\/en\/","logo":{"@type":"ImageObject","inLanguage":"en-US","@id":"https:\/\/jetline.pl\/en\/#\/schema\/logo\/image\/","url":"https:\/\/jetline.pl\/wp-content\/uploads\/2024\/09\/logo_poziom_logo_poziom_czerwone-1.png","contentUrl":"https:\/\/jetline.pl\/wp-content\/uploads\/2024\/09\/logo_poziom_logo_poziom_czerwone-1.png","width":4946,"height":2016,"caption":"Jet Line"},"image":{"@id":"https:\/\/jetline.pl\/en\/#\/schema\/logo\/image\/"}}]}},"_links":{"self":[{"href":"https:\/\/jetline.pl\/en\/wp-json\/wp\/v2\/ustawa\/1789","targetHints":{"allow":["GET"]}}],"collection":[{"href":"https:\/\/jetline.pl\/en\/wp-json\/wp\/v2\/ustawa"}],"about":[{"href":"https:\/\/jetline.pl\/en\/wp-json\/wp\/v2\/types\/ustawa"}],"author":[{"embeddable":true,"href":"https:\/\/jetline.pl\/en\/wp-json\/wp\/v2\/users\/16"}],"wp:featuredmedia":[{"embeddable":true,"href":"https:\/\/jetline.pl\/en\/wp-json\/wp\/v2\/media\/1692"}],"wp:attachment":[{"href":"https:\/\/jetline.pl\/en\/wp-json\/wp\/v2\/media?parent=1789"}],"wp:term":[{"taxonomy":"ustawa_cat","embeddable":true,"href":"https:\/\/jetline.pl\/en\/wp-json\/wp\/v2\/ustawa_cat?post=1789"}],"curies":[{"name":"wp","href":"https:\/\/api.w.org\/{rel}","templated":true}]}}

WOLNE SĄDY

<p>W kwietniu 2019 roku Wojewódzki Sąd Administracyjny (WSA) oddalił wszystkie skargi na uchwałę krajobrazową Gdańska. Sprawa trafiła do Naczelnego Sądu Administracyjnego (NSA) i bardzo szybko została zawieszona w oczekiwaniu na wyrok Trybunału Konstytucyjnego.</p>
<p>&nbsp;</p>
<p>Minęło ponad 5 lat.</p>
<p>&nbsp;</p>
<p>Wczoraj 24 kwietnia 2024 roku NSA ponownie pochylił się na tematem. Sąd rozpatrywał 10 skarg kasacyjnych. Wśród skarżących znajdowały się nie tylko firmy z branży reklamy zewnętrznej, ale także lokalni przedsiębiorcy i właściciele nieruchomości.</p>
<p>&nbsp;</p>
<p>Sąd zdecydował uchylić zapisy uchwały dotyczące okresów dostosowawczych dla tablic i urządzeń reklamowych posiadających zgody budowlane, ustawionych przed wejściem w życie uchwały.</p>
<p>&nbsp;</p>
<p>Taki sam wyrok zapadł w odniesieniu do uchwał w Nowym Sączu i Sopocie.</p>
<p>&nbsp;</p>
<p>Orzeczenie NSA jest ostateczne, nie można ich zaskarżyć, zatem możemy przyjąć z bardzo dużym prawdopodobieństwem, że taki kształt będą miały wszystkie uchwały krajobrazowe. Oczywiście uchwały będą ewoluować po zmianach ustawy krajobrazowej.</p>
<p>&nbsp;</p>
<p>Na ten wyrok czekaliśmy bardzo długo. Po 9-ciu latach sąd uznał że prawa nabyte muszą być respektowane. Nie można nakazać rozbiórki tablic bądź urządzeń reklamowych ustawionych zgodnie z przepisami prawa. Tym samym mogą cieszyć się wszyscy, którzy uczciwie prowadzili swoje biznesy. Szkoda tylko że dochodzenie sprawiedliwości trwało tak długo.</p>
<p>&nbsp;</p>
<p>Podobne wyroki zapadły już w sądach wojewódzkich: w styczniu w stosunku do uchwały w Poznaniu; w marcu – Bytonia, kwietniu – Kalisza.</p>

<!-- This site is optimized with the Yoast SEO plugin v27.5 - https://yoast.com/product/yoast-seo-wordpress/ -->
<title>WOLNE SĄDY</title>
<meta name="description" content="W kwietniu 2019 roku Wojewódzki Sąd Administracyjny (WSA) oddalił wszystkie skargi na uchwałę krajobrazową Gdańska. Sprawa trafiła do..." />
<meta name="robots" content="index, follow, max-snippet:-1, max-image-preview:large, max-video-preview:-1" />
<link rel="canonical" href="https://jetline.pl/en/ustawa-krajobrazowa/wolne-sady/" />
<meta property="og:locale" content="en_US" />
<meta property="og:type" content="article" />
<meta property="og:title" content="WOLNE SĄDY" />
<meta property="og:description" content="W kwietniu 2019 roku Wojewódzki Sąd Administracyjny (WSA) oddalił wszystkie skargi na uchwałę krajobrazową Gdańska. Sprawa trafiła do..." />
<meta property="og:url" content="https://jetline.pl/en/ustawa-krajobrazowa/wolne-sady/" />
<meta property="og:site_name" content="Jet Line" />
<meta property="article:modified_time" content="2025-02-28T09:55:47+00:00" />
<meta property="og:image" content="https://jetline.pl/wp-content/uploads/2024/09/20240424_142822-002-scaled-1.jpg" />
	<meta property="og:image:width" content="2560" />
	<meta property="og:image:height" content="1153" />
	<meta property="og:image:type" content="image/jpeg" />
<meta name="twitter:card" content="summary_large_image" />
<meta name="twitter:label1" content="Est. reading time" />
	<meta name="twitter:data1" content="2 minutes" />
<script type="application/ld+json" class="yoast-schema-graph">{"@context":"https:\/\/schema.org","@graph":[{"@type":"WebPage","@id":"https:\/\/jetline.pl\/en\/ustawa-krajobrazowa\/wolne-sady\/","url":"https:\/\/jetline.pl\/en\/ustawa-krajobrazowa\/wolne-sady\/","name":"WOLNE SĄDY","isPartOf":{"@id":"https:\/\/jetline.pl\/en\/#website"},"primaryImageOfPage":{"@id":"https:\/\/jetline.pl\/en\/ustawa-krajobrazowa\/wolne-sady\/#primaryimage"},"image":{"@id":"https:\/\/jetline.pl\/en\/ustawa-krajobrazowa\/wolne-sady\/#primaryimage"},"thumbnailUrl":"https:\/\/jetline.pl\/wp-content\/uploads\/2024\/09\/20240424_142822-002-scaled-1.jpg","datePublished":"2024-04-25T09:02:52+00:00","dateModified":"2025-02-28T09:55:47+00:00","description":"W kwietniu 2019 roku Wojewódzki Sąd Administracyjny (WSA) oddalił wszystkie skargi na uchwałę krajobrazową Gdańska. Sprawa trafiła do...","breadcrumb":{"@id":"https:\/\/jetline.pl\/en\/ustawa-krajobrazowa\/wolne-sady\/#breadcrumb"},"inLanguage":"en-US","potentialAction":[{"@type":"ReadAction","target":["https:\/\/jetline.pl\/en\/ustawa-krajobrazowa\/wolne-sady\/"]}]},{"@type":"ImageObject","inLanguage":"en-US","@id":"https:\/\/jetline.pl\/en\/ustawa-krajobrazowa\/wolne-sady\/#primaryimage","url":"https:\/\/jetline.pl\/wp-content\/uploads\/2024\/09\/20240424_142822-002-scaled-1.jpg","contentUrl":"https:\/\/jetline.pl\/wp-content\/uploads\/2024\/09\/20240424_142822-002-scaled-1.jpg","width":2560,"height":1153},{"@type":"BreadcrumbList","@id":"https:\/\/jetline.pl\/en\/ustawa-krajobrazowa\/wolne-sady\/#breadcrumb","itemListElement":[{"@type":"ListItem","position":1,"name":"Strona główna","item":"https:\/\/jetline.pl\/en\/"},{"@type":"ListItem","position":2,"name":"Ustawa krajobrazowa","item":"https:\/\/jetline.pl\/en\/ustawa-krajobrazowa\/"},{"@type":"ListItem","position":3,"name":"WOLNE SĄDY"}]},{"@type":"WebSite","@id":"https:\/\/jetline.pl\/en\/#website","url":"https:\/\/jetline.pl\/en\/","name":"Jet Line","description":"Tworzymy przestrzeń do komunikacji","publisher":{"@id":"https:\/\/jetline.pl\/en\/#organization"},"potentialAction":[{"@type":"SearchAction","target":{"@type":"EntryPoint","urlTemplate":"https:\/\/jetline.pl\/en\/?s={search_term_string}"},"query-input":{"@type":"PropertyValueSpecification","valueRequired":true,"valueName":"search_term_string"}}],"inLanguage":"en-US"},{"@type":"Organization","@id":"https:\/\/jetline.pl\/en\/#organization","name":"Jet Line","url":"https:\/\/jetline.pl\/en\/","logo":{"@type":"ImageObject","inLanguage":"en-US","@id":"https:\/\/jetline.pl\/en\/#\/schema\/logo\/image\/","url":"https:\/\/jetline.pl\/wp-content\/uploads\/2024\/09\/logo_poziom_logo_poziom_czerwone-1.png","contentUrl":"https:\/\/jetline.pl\/wp-content\/uploads\/2024\/09\/logo_poziom_logo_poziom_czerwone-1.png","width":4946,"height":2016,"caption":"Jet Line"},"image":{"@id":"https:\/\/jetline.pl\/en\/#\/schema\/logo\/image\/"}}]}</script>
<!-- / Yoast SEO plugin. -->

W kwietniu 2019 roku Wojewódzki Sąd Administracyjny (WSA) oddalił wszystkie skargi na uchwałę krajobrazową Gdańska. Sprawa trafiła do...

Strona główna

Tworzymy przestrzeń do komunikacji
